t the prime factors of 12984.
2, 3, 541
What are the prime factors of 1550?
2, 5, 31
List the prime factors of 1257.
3, 419
List the prime factors of 141.
3, 47
What are the prime factors of 443?
443
What are the prime factors of 21290?
2, 5, 2129
What are the prime factors of 50602?
2, 25301
List the prime factors of 40918.
2, 41, 499
What are the prime factors of 837?
3, 31
What are the prime factors of 5554?
2, 2777
What are the prime factors of 2784?
2, 3, 29
List the prime factors of 18831.
3, 6277
List the prime factors of 43130.
2, 5, 19, 227
List the prime factors of 58138.
2, 41, 709
List the prime factors of 18766.
2, 11, 853
What are the prime factors of 1045?
5, 11, 19
List the prime factors of 6613.
17, 389
What are the prime factors of 72090?
2, 3, 5, 89
What are the prime factors of 1264?
2, 79
What are the prime factors of 149507?
47, 3181
What are the prime factors of 51360?
2, 3, 5, 107
List the prime factors of 13952.
2, 109
List the prime factors of 449.
449
List the prime factors of 3309.
3, 1103
What are the prime factors of 14883?
3, 11, 41
List the prime factors of 76047.
3, 25349
What are the prime factors of 71289?
3, 89
List the prime factors of 4131.
3, 17
What are the prime factors of 3261?
3, 1087
What are the prime factors of 26948?
2, 6737
What are the prime factors of 1319?
1319
List the prime factors of 761.
761
What are the prime factors of 166230?
2, 3, 5, 1847
List the prime factors of 17144.
2, 2143
What are the prime factors of 36048?
2, 3, 751
List the prime factors of 133372.
2, 33343
List the prime factors of 13515.
3, 5, 17, 53
List the prime factors of 5028.
2, 3, 419
What are the prime factors of 39?
3, 13
List the prime factors of 15643.
15643
What are the prime factors of 11382?
2, 3, 7, 271
What are the prime factors of 49904?
2, 3119
What are the prime factors of 20169?
3, 83
What are the prime factors of 122?
2, 61
What are the prime factors of 17636?
2, 4409
What are the prime factors of 130?
2, 5, 13
List the prime factors of 588.
2, 3, 7
What are the prime factors of 15690?
2, 3, 5, 523
List the prime factors of 107105.
5, 31, 691
What are the prime factors of 4458?
2, 3, 743
What are the prime factors of 3206?
2, 7, 229
List the prime factors of 51549.
3, 17183
What are the prime factors of 213?
3, 71
List the prime factors of 8506.
2, 4253
What are the prime factors of 101?
101
List the prime factors of 48128.
2, 47
What are the prime factors of 99293?
31, 3203
List the prime factors of 1830.
2, 3, 5, 61
List the prime factors of 1606.
2, 11, 73
List the prime factors of 1495.
5, 13, 23
What are the prime factors of 263?
263
What are the prime factors of 621?
3, 23
List the prime factors of 60584.
2, 7573
List the prime factors of 1162.
2, 7, 83
List the prime factors of 827.
827
List the prime factors of 728.
2, 7, 13
What are the prime factors of 9164?
2, 29, 79
List the prime factors of 238.
2, 7, 17
What are the prime factors of 10998?
2, 3, 13, 47
List the prime factors of 820.
2, 5, 41
What are the prime factors of 1403?
23, 61
What are the prime factors of 10679?
59, 181
List the prime factors of 2328.
2, 3, 97
List the prime factors of 3471.
3, 13, 89
What are the prime factors of 11157?
3, 3719
List the prime factors of 15389.
11, 1399
List the prime factors of 100906.
2, 13, 3881
What are the prime factors of 2667?
3, 7, 127
What are the prime factors of 8900?
2, 5, 89
List the prime factors of 193.
193
List the prime factors of 7102.
2, 53, 67
What are the prime factors of 280?
2, 5, 7
List the prime factors of 24359.
24359
What are the prime factors of 1801?
1801
List the prime factors of 531.
3, 59
List the prime factors of 179360.
2, 5, 19, 59
List the prime factors of 1590.
2, 3, 5, 53
List the prime factors of 5217.
3, 37, 47
List the prime factors of 965.
5, 193
List the prime factors of 1741.
1741
List the prime factors of 58924.
2, 14731
What are the prime factors of 1464?
2, 3, 61
List the prime factors of 852.
2, 3, 71
What are the prime factors of 3565?
5, 23, 31
List the prime factors of 3821.
3821
What are the prime factors of 4458?
2, 3, 743
What are the prime factors of 677?
677
List the prime factors of 14556.
2, 3, 1213
What are the prime factors of 2292?
2, 3, 191
What are the prime factors of 2268?
2, 3, 7
List the prime factors of 211.
211
What are the prime factors of 269?
269
List the prime factors of 63.
3, 7
What are the prime factors of 801?
3, 89
What are the prime factors of 794?
2, 397
What are the prime factors of 1311?
3, 19, 23
What are the prime factors of 184611?
3, 7, 59, 149
What are the prime factors of 11695?
5, 2339
What are the prime factors of 810?
2, 3, 5
List the prime factors of 1457.
31, 47
List the prime factors of 338.
2, 13
What are the prime factors of 177?
3, 59
List the prime factors of 3869.
53, 73
What are the prime factors of 37?
37
List the prime factors of 1010.
2, 5, 101
What are the prime factors of 72382?
2, 36191
List the prime factors of 13530.
2, 3, 5, 11, 41
List the prime factors of 1164.
2, 3, 97
List the prime factors of 40464.
2, 3, 281
List the prime factors of 2342.
2, 1171
What are the prime factors of 23299?
23, 1013
List the prime factors of 921.
3, 307
List the prime factors of 28194.
2, 3, 37, 127
What are the prime factors of 8481?
3, 11, 257
List the prime factors of 91898.
2, 45949
What are the prime factors of 16011?
3, 593
List the prime factors of 3603.
3, 1201
What are the prime factors of 3074?
2, 29, 53
List the prime factors of 5944.
2, 743
What are the prime factors of 69298?
2, 34649
What are the prime factors of 78675?
3, 5, 1049
What are the prime factors of 3354?
2, 3, 13, 43
List the prime factors of 21505.
5, 11, 17, 23
List the prime factors of 12873.
3, 7, 613
What are the prime factors of 6818?
2, 7, 487
What are the prime factors of 2177?
7, 311
List the prime factors of 5789.
7, 827
List the prime factors of 632.
2, 79
What are the prime factors of 1652?
2, 7, 59
List the prime factors of 4475.
5, 179
What are the prime factors of 11742?
2, 3, 19, 103
What are the prime factors of 55496?
2, 7, 991
What are the prime factors of 573?
3, 191
What are the prime factors of 429?
3, 11, 13
What are the prime factors of 7100?
2, 5, 71
What are the prime factors of 139?
139
What are the prime factors of 5994?
2, 3, 37
What are the prime factors of 22406?
2, 17, 659
What are the prime factors of 1264?
2, 79
List the prime factors of 13779.
3, 1531
List the prime factors of 493.
17, 29
List the prime factors of 32589.
3, 17, 71
What are the prime factors of 92211?
3, 7, 4391
List the prime factors of 3450.
2, 3, 5, 23
List the prime factors of 829.
829
List the prime factors of 18980.
2, 5, 13, 73
List the prime factors of 3501.
3, 389
What are the prime factors of 80515?
5, 16103
What are the prime factors of 114336?
2, 3, 397
What are the prime factors of 6891?
3, 2297
List the prime factors of 79606.
2, 53, 751
List the prime factors of 7388.
2, 1847
What are the prime factors of 1833?
3, 13, 47
What are the prime factors of 31881?
3, 10627
What are the prime factors of 834?
2, 3, 139
List the prime factors of 19401.
3, 29, 223
List the prime factors of 17504.
2, 547
List the prime factors of 1406.
2, 19, 37
What are the prime factors of 3405?
3, 5, 227
List the prime factors of 3878.
2, 7, 277
What are the prime factors of 12673?
19, 23, 29
What are the prime factors of 73952?
2, 2311
What are the prime factors of 124?
2, 31
List the prime factors of 559.
13, 43
List the prime factors of 34287.
3, 11, 1039
What are the prime factors of 29160?
2, 3, 5
List the prime factors of 2874.
2, 3, 479
What are the prime factors of 111152?
2, 6947
What are the prime factors of 3968?
2, 31
List the prime factors of 11623.
59, 197
List the prime factors of 18991.
7, 2713
What are the prime factors of 1659?
3, 7, 79
List the prime factors of 4335.
3, 5, 17
List the prime factors of 536.
2, 67
What are the prime factors of 514?
2, 257
List the prime factors of 116746.
2, 7, 31, 269
List the prime factors of 787.
787
What are the prime factors of 3708?
2, 3, 103
List the prime factors of 1114.
2, 557
What are the prime factors of 1051?
1051
What are the prime factors of 1886?
2, 23, 41
What are the prim